{"id":54,"date":"2022-07-04T11:39:02","date_gmt":"2022-07-04T09:39:02","guid":{"rendered":"https:\/\/filosofiadelderecho.umh.es\/?page_id=54"},"modified":"2022-07-04T12:08:48","modified_gmt":"2022-07-04T10:08:48","slug":"incitacion-a-la-violencia-y-discurso-del-odio-en-internet-alcance-real-del-fenomeno-tipologias-factores-ambientales-y-limites-de-la-intervencion-juridica-frente-al-mismo","status":"publish","type":"page","link":"https:\/\/filosofiadelderecho.umh.es\/en\/investigacion\/valencia-proyectos-de-investigacion\/incitacion-a-la-violencia-y-discurso-del-odio-en-internet-alcance-real-del-fenomeno-tipologias-factores-ambientales-y-limites-de-la-intervencion-juridica-frente-al-mismo\/","title":{"rendered":"<span lang=\"es\">(Espa\u00f1ol) Incitaci\u00f3n a la violencia y discurso del odio en internet. Alcance real del fen\u00f3meno, Tipolog\u00edas, factores ambientales y l\u00edmites de la intervenci\u00f3n jur\u00eddica frente al mismo<\/span>"},"content":{"rendered":"<p class=\"qtranxs-available-languages-message qtranxs-available-languages-message-en\">Sorry, this entry is only available in <a href=\"https:\/\/filosofiadelderecho.umh.es\/es\/wp-json\/wp\/v2\/pages\/54\" class=\"qtranxs-available-language-link qtranxs-available-language-link-es\" title=\"Espa\u00f1ol\">European Spanish<\/a>.<\/p>","protected":false},"excerpt":{"rendered":"<p>Sorry, this entry is only available in European Spanish.<\/p>\n","protected":false},"author":443,"featured_media":0,"parent":60,"menu_order":7,"comment_status":"closed","ping_status":"closed","template":"","meta":{"_links_to":"","_links_to_target":""},"_links":{"self":[{"href":"https:\/\/filosofiadelderecho.umh.es\/en\/wp-json\/wp\/v2\/pages\/54"}],"collection":[{"href":"https:\/\/filosofiadelderecho.umh.es\/en\/wp-json\/wp\/v2\/pages"}],"about":[{"href":"https:\/\/filosofiadelderecho.umh.es\/en\/wp-json\/wp\/v2\/types\/page"}],"author":[{"embeddable":true,"href":"https:\/\/filosofiadelderecho.umh.es\/en\/wp-json\/wp\/v2\/users\/443"}],"replies":[{"embeddable":true,"href":"https:\/\/filosofiadelderecho.umh.es\/en\/wp-json\/wp\/v2\/comments?post=54"}],"version-history":[{"count":0,"href":"https:\/\/filosofiadelderecho.umh.es\/en\/wp-json\/wp\/v2\/pages\/54\/revisions"}],"up":[{"embeddable":true,"href":"https:\/\/filosofiadelderecho.umh.es\/en\/wp-json\/wp\/v2\/pages\/60"}],"wp:attachment":[{"href":"https:\/\/filosofiadelderecho.umh.es\/en\/wp-json\/wp\/v2\/media?parent=54"}],"curies":[{"name":"wp","href":"https:\/\/api.w.org\/{rel}","templated":true}]}}

<span lang="es">(Español) Incitación a la violencia y discurso del odio en internet. Alcance real del fenómeno, Tipologías, factores ambientales y límites de la intervención jurídica frente al mismo</span>

<p class="qtranxs-available-languages-message qtranxs-available-languages-message-en">Sorry, this entry is only available in <a href="https://filosofiadelderecho.umh.es/es/wp-json/wp/v2/pages/54" class="qtranxs-available-language-link qtranxs-available-language-link-es" title="Español">European Spanish</a>.</p>
