{"id":23,"date":"2013-05-09T06:27:18","date_gmt":"2013-05-09T06:27:18","guid":{"rendered":"http:\/\/filosofiadelderecho.umh.es\/del-discurso-de-la-derrota-al-discurso-del-dialogo-memoria-transicional-memoria-historica-y-constitucion\/"},"modified":"2022-07-04T12:08:08","modified_gmt":"2022-07-04T10:08:08","slug":"del-discurso-de-la-derrota-al-discurso-del-dialogo-memoria-transicional-memoria-historica-y-constitucion","status":"publish","type":"page","link":"https:\/\/filosofiadelderecho.umh.es\/en\/investigacion\/valencia-proyectos-de-investigacion\/del-discurso-de-la-derrota-al-discurso-del-dialogo-memoria-transicional-memoria-historica-y-constitucion\/","title":{"rendered":"<span lang=\"es\">(Espa\u00f1ol) Del discurso de la derrota al discurso del di\u00e1logo. Memoria transicional, memoria hist\u00f3rica y constituci\u00f3n.<\/span>"},"content":{"rendered":"<p><\/p>\n<p><\/p>","protected":false},"excerpt":{"rendered":"","protected":false},"author":2794,"featured_media":0,"parent":60,"menu_order":5,"comment_status":"closed","ping_status":"open","template":"","meta":{"_links_to":"","_links_to_target":""},"_links":{"self":[{"href":"https:\/\/filosofiadelderecho.umh.es\/en\/wp-json\/wp\/v2\/pages\/23"}],"collection":[{"href":"https:\/\/filosofiadelderecho.umh.es\/en\/wp-json\/wp\/v2\/pages"}],"about":[{"href":"https:\/\/filosofiadelderecho.umh.es\/en\/wp-json\/wp\/v2\/types\/page"}],"author":[{"embeddable":true,"href":"https:\/\/filosofiadelderecho.umh.es\/en\/wp-json\/wp\/v2\/users\/2794"}],"replies":[{"embeddable":true,"href":"https:\/\/filosofiadelderecho.umh.es\/en\/wp-json\/wp\/v2\/comments?post=23"}],"version-history":[{"count":0,"href":"https:\/\/filosofiadelderecho.umh.es\/en\/wp-json\/wp\/v2\/pages\/23\/revisions"}],"up":[{"embeddable":true,"href":"https:\/\/filosofiadelderecho.umh.es\/en\/wp-json\/wp\/v2\/pages\/60"}],"wp:attachment":[{"href":"https:\/\/filosofiadelderecho.umh.es\/en\/wp-json\/wp\/v2\/media?parent=23"}],"curies":[{"name":"wp","href":"https:\/\/api.w.org\/{rel}","templated":true}]}}

<span lang="es">(Español) Del discurso de la derrota al discurso del diálogo. Memoria transicional, memoria histórica y constitución.</span>
