{"id":17,"date":"2013-05-09T06:20:27","date_gmt":"2013-05-09T06:20:27","guid":{"rendered":"http:\/\/filosofiadelderecho.umh.es\/los-derechos-fundamentales-en-el-s-xix-un-analisis-historico-filosofico\/"},"modified":"2022-07-04T12:07:31","modified_gmt":"2022-07-04T10:07:31","slug":"los-derechos-fundamentales-en-el-s-xix-un-analisis-historico-filosofico","status":"publish","type":"page","link":"https:\/\/filosofiadelderecho.umh.es\/en\/investigacion\/valencia-proyectos-de-investigacion\/los-derechos-fundamentales-en-el-s-xix-un-analisis-historico-filosofico\/","title":{"rendered":"<span lang=\"es\">(Espa\u00f1ol) Los Derechos Fundamentales en el S. XIX: un an\u00e1lisis hist\u00f3rico-filos\u00f3fico<\/span>"},"content":{"rendered":"<p><\/p>\n<\/p>\n<p><\/p>","protected":false},"excerpt":{"rendered":"","protected":false},"author":2794,"featured_media":0,"parent":60,"menu_order":3,"comment_status":"closed","ping_status":"open","template":"","meta":{"_links_to":"","_links_to_target":""},"_links":{"self":[{"href":"https:\/\/filosofiadelderecho.umh.es\/en\/wp-json\/wp\/v2\/pages\/17"}],"collection":[{"href":"https:\/\/filosofiadelderecho.umh.es\/en\/wp-json\/wp\/v2\/pages"}],"about":[{"href":"https:\/\/filosofiadelderecho.umh.es\/en\/wp-json\/wp\/v2\/types\/page"}],"author":[{"embeddable":true,"href":"https:\/\/filosofiadelderecho.umh.es\/en\/wp-json\/wp\/v2\/users\/2794"}],"replies":[{"embeddable":true,"href":"https:\/\/filosofiadelderecho.umh.es\/en\/wp-json\/wp\/v2\/comments?post=17"}],"version-history":[{"count":0,"href":"https:\/\/filosofiadelderecho.umh.es\/en\/wp-json\/wp\/v2\/pages\/17\/revisions"}],"up":[{"embeddable":true,"href":"https:\/\/filosofiadelderecho.umh.es\/en\/wp-json\/wp\/v2\/pages\/60"}],"wp:attachment":[{"href":"https:\/\/filosofiadelderecho.umh.es\/en\/wp-json\/wp\/v2\/media?parent=17"}],"curies":[{"name":"wp","href":"https:\/\/api.w.org\/{rel}","templated":true}]}}

<span lang="es">(Español) Los Derechos Fundamentales en el S. XIX: un análisis histórico-filosófico</span>
