{"id":279,"date":"2026-08-30T16:49:11","date_gmt":"2026-08-30T14:49:11","guid":{"rendered":"https:\/\/filosofiadelderecho.umh.es\/?page_id=279"},"modified":"2026-09-01T09:41:19","modified_gmt":"2026-09-01T07:41:19","slug":"bases-para-la-recuperacion-de-la-concordia-en-espana","status":"publish","type":"page","link":"https:\/\/filosofiadelderecho.umh.es\/ca\/valencia-proyectos-de-investigacion\/bases-para-la-recuperacion-de-la-concordia-en-espana\/","title":{"rendered":"<span lang=\"es\">(Espa\u00f1ol) Bases para la recuperaci\u00f3n de la concordia en Espa\u00f1a<\/span>"},"content":{"rendered":"<p class=\"qtranxs-available-languages-message qtranxs-available-languages-message-ca\">Ho sentim, aquesta entrada es troba disponible \u00fanicament en <a href=\"https:\/\/filosofiadelderecho.umh.es\/es\/wp-json\/wp\/v2\/pages\/279\" class=\"qtranxs-available-language-link qtranxs-available-language-link-es\" title=\"Espa\u00f1ol\">Espanyol Europeu<\/a>.<\/p>","protected":false},"excerpt":{"rendered":"<p>Ho sentim, aquesta entrada es troba disponible \u00fanicament en Espanyol Europeu.<\/p>\n","protected":false},"author":15866,"featured_media":0,"parent":60,"menu_order":1,"comment_status":"closed","ping_status":"closed","template":"","meta":{"_links_to":"","_links_to_target":""},"_links":{"self":[{"href":"https:\/\/filosofiadelderecho.umh.es\/ca\/wp-json\/wp\/v2\/pages\/279"}],"collection":[{"href":"https:\/\/filosofiadelderecho.umh.es\/ca\/wp-json\/wp\/v2\/pages"}],"about":[{"href":"https:\/\/filosofiadelderecho.umh.es\/ca\/wp-json\/wp\/v2\/types\/page"}],"author":[{"embeddable":true,"href":"https:\/\/filosofiadelderecho.umh.es\/ca\/wp-json\/wp\/v2\/users\/15866"}],"replies":[{"embeddable":true,"href":"https:\/\/filosofiadelderecho.umh.es\/ca\/wp-json\/wp\/v2\/comments?post=279"}],"version-history":[{"count":0,"href":"https:\/\/filosofiadelderecho.umh.es\/ca\/wp-json\/wp\/v2\/pages\/279\/revisions"}],"up":[{"embeddable":true,"href":"https:\/\/filosofiadelderecho.umh.es\/ca\/wp-json\/wp\/v2\/pages\/60"}],"wp:attachment":[{"href":"https:\/\/filosofiadelderecho.umh.es\/ca\/wp-json\/wp\/v2\/media?parent=279"}],"curies":[{"name":"wp","href":"https:\/\/api.w.org\/{rel}","templated":true}]}}

<span lang="es">(Español) Bases para la recuperación de la concordia en España</span>

<p class="qtranxs-available-languages-message qtranxs-available-languages-message-ca">Ho sentim, aquesta entrada es troba disponible únicament en <a href="https://filosofiadelderecho.umh.es/es/wp-json/wp/v2/pages/279" class="qtranxs-available-language-link qtranxs-available-language-link-es" title="Español">Espanyol Europeu</a>.</p>

<p>Ho sentim, aquesta entrada es troba disponible únicament en Espanyol Europeu.</p>
