{"id":19,"date":"2013-05-09T06:23:52","date_gmt":"2013-05-09T06:23:52","guid":{"rendered":"http:\/\/filosofiadelderecho.umh.es\/investigacion\/proyectos\/el-terrorismo-un-analisis-juridico-psicologico-y-filosofico\/"},"modified":"2022-07-04T12:07:12","modified_gmt":"2022-07-04T10:07:12","slug":"el-terrorismo-un-analisis-juridico-psicologico-y-filosofico","status":"publish","type":"page","link":"https:\/\/filosofiadelderecho.umh.es\/ca\/investigacion\/valencia-proyectos-de-investigacion\/el-terrorismo-un-analisis-juridico-psicologico-y-filosofico\/","title":{"rendered":"<span lang=\"es\">(Espa\u00f1ol) El terrorismo: un an\u00e1lisis jur\u00eddico, psicol\u00f3gico y filos\u00f3fico.<\/span>"},"content":{"rendered":"<p><\/p>\n<p><\/p>","protected":false},"excerpt":{"rendered":"","protected":false},"author":2794,"featured_media":0,"parent":60,"menu_order":2,"comment_status":"closed","ping_status":"open","template":"","meta":{"_links_to":"","_links_to_target":""},"_links":{"self":[{"href":"https:\/\/filosofiadelderecho.umh.es\/ca\/wp-json\/wp\/v2\/pages\/19"}],"collection":[{"href":"https:\/\/filosofiadelderecho.umh.es\/ca\/wp-json\/wp\/v2\/pages"}],"about":[{"href":"https:\/\/filosofiadelderecho.umh.es\/ca\/wp-json\/wp\/v2\/types\/page"}],"author":[{"embeddable":true,"href":"https:\/\/filosofiadelderecho.umh.es\/ca\/wp-json\/wp\/v2\/users\/2794"}],"replies":[{"embeddable":true,"href":"https:\/\/filosofiadelderecho.umh.es\/ca\/wp-json\/wp\/v2\/comments?post=19"}],"version-history":[{"count":0,"href":"https:\/\/filosofiadelderecho.umh.es\/ca\/wp-json\/wp\/v2\/pages\/19\/revisions"}],"up":[{"embeddable":true,"href":"https:\/\/filosofiadelderecho.umh.es\/ca\/wp-json\/wp\/v2\/pages\/60"}],"wp:attachment":[{"href":"https:\/\/filosofiadelderecho.umh.es\/ca\/wp-json\/wp\/v2\/media?parent=19"}],"curies":[{"name":"wp","href":"https:\/\/api.w.org\/{rel}","templated":true}]}}

<span lang="es">(Español) El terrorismo: un análisis jurídico, psicológico y filosófico.</span>
