{"id":122,"date":"2024-10-14T12:02:54","date_gmt":"2024-10-14T10:02:54","guid":{"rendered":"https:\/\/filosofiadelderecho.umh.es\/?page_id=122"},"modified":"2024-10-14T12:09:28","modified_gmt":"2024-10-14T10:09:28","slug":"la-ley-espanola-de-memoria-democratica-justicia-o-discordia","status":"publish","type":"page","link":"https:\/\/filosofiadelderecho.umh.es\/ca\/investigacion\/valencia-proyectos-de-investigacion\/la-ley-espanola-de-memoria-democratica-justicia-o-discordia\/","title":{"rendered":"<span lang=\"es\">(Espa\u00f1ol) La ley espa\u00f1ola de memoria democr\u00e1tica: \u00bfjusticia o discordia?<\/span>"},"content":{"rendered":"<p class=\"qtranxs-available-languages-message qtranxs-available-languages-message-ca\">Ho sentim, aquesta entrada es troba disponible \u00fanicament en <a href=\"https:\/\/filosofiadelderecho.umh.es\/es\/wp-json\/wp\/v2\/pages\/122\" class=\"qtranxs-available-language-link qtranxs-available-language-link-es\" title=\"Espa\u00f1ol\">Espanyol Europeu<\/a>.<\/p>","protected":false},"excerpt":{"rendered":"<p>Ho sentim, aquesta entrada es troba disponible \u00fanicament en Espanyol Europeu.<\/p>\n","protected":false},"author":443,"featured_media":0,"parent":60,"menu_order":0,"comment_status":"closed","ping_status":"closed","template":"","meta":{"_links_to":"","_links_to_target":""},"_links":{"self":[{"href":"https:\/\/filosofiadelderecho.umh.es\/ca\/wp-json\/wp\/v2\/pages\/122"}],"collection":[{"href":"https:\/\/filosofiadelderecho.umh.es\/ca\/wp-json\/wp\/v2\/pages"}],"about":[{"href":"https:\/\/filosofiadelderecho.umh.es\/ca\/wp-json\/wp\/v2\/types\/page"}],"author":[{"embeddable":true,"href":"https:\/\/filosofiadelderecho.umh.es\/ca\/wp-json\/wp\/v2\/users\/443"}],"replies":[{"embeddable":true,"href":"https:\/\/filosofiadelderecho.umh.es\/ca\/wp-json\/wp\/v2\/comments?post=122"}],"version-history":[{"count":0,"href":"https:\/\/filosofiadelderecho.umh.es\/ca\/wp-json\/wp\/v2\/pages\/122\/revisions"}],"up":[{"embeddable":true,"href":"https:\/\/filosofiadelderecho.umh.es\/ca\/wp-json\/wp\/v2\/pages\/60"}],"wp:attachment":[{"href":"https:\/\/filosofiadelderecho.umh.es\/ca\/wp-json\/wp\/v2\/media?parent=122"}],"curies":[{"name":"wp","href":"https:\/\/api.w.org\/{rel}","templated":true}]}}

<span lang="es">(Español) La ley española de memoria democrática: ¿justicia o discordia?</span>

<p class="qtranxs-available-languages-message qtranxs-available-languages-message-ca">Ho sentim, aquesta entrada es troba disponible únicament en <a href="https://filosofiadelderecho.umh.es/es/wp-json/wp/v2/pages/122" class="qtranxs-available-language-link qtranxs-available-language-link-es" title="Español">Espanyol Europeu</a>.</p>

<p>Ho sentim, aquesta entrada es troba disponible únicament en Espanyol Europeu.</p>
